{"id":70,"date":"2016-03-23T18:54:03","date_gmt":"2016-03-23T18:54:03","guid":{"rendered":"http:\/\/oferta.zspczarnkow.edu.pl\/?page_id=70"},"modified":"2026-01-21T11:04:30","modified_gmt":"2026-01-21T10:04:30","slug":"liceum-ogolnoksztalcace-dla-doroslych","status":"publish","type":"page","link":"https:\/\/oferta.zsczarnkow.edu.pl\/?page_id=70","title":{"rendered":"Liceum Og\u00f3lnokszta\u0142c\u0105ce dla Doros\u0142ych"},"content":{"rendered":"<h2 style=\"padding-left: 30px;\"><span style=\"color: #1a38b0;\">\u00a0<\/span><\/h2>\n<h3 style=\"padding-left: 30px;\"><span style=\"color: #333399;\"><strong>\u2192 okres nauczania &#8211; 3 lata (od klasy II)<\/strong><\/span><\/h3>\n<h3 style=\"padding-left: 30px;\"><span style=\"color: #333399;\"><strong>\u2192 dla absolwent\u00f3w bran\u017cowej szko\u0142y I stopnia i zasadniczej szko\u0142y zawodowej<\/strong><\/span><\/h3>\n<h3 style=\"padding-left: 30px;\"><span style=\"color: #333399;\"><strong>\u2192 przedmioty rozszerzone: j\u0119zyk polski, historia<br \/><\/strong><\/span><\/h3>\n<h3 data-start=\"330\" data-end=\"394\">\u00a0<\/h3>\n<h3 data-start=\"330\" data-end=\"394\"><span style=\"color: #333399;\"><strong>Dlaczego warto wybra\u0107 Liceum Og\u00f3lnokszta\u0142c\u0105ce dla Doros\u0142ych?<\/strong><\/span><\/h3>\n<h4><span style=\"color: #333399;\"><strong>\u00a0 \u00a0 \u00a0 \u2192 zdobywasz wykszta\u0142cenie \u015brednie oraz przygotowanie do egzaminu maturalnego;<\/strong><\/span><\/h4>\n<h4><span style=\"color: #333399;\"><strong>\u00a0 \u00a0 \u00a0 \u2192 \u0142\u0105czysz nauk\u0119 z prac\u0105 i innymi obowi\u0105zkami;<\/strong><\/span><\/h4>\n<h4><span style=\"color: #333399;\"><strong>\u00a0 \u00a0 \u00a0 \u2192\u00a0zwi\u0119kszasz swoje szanse na awans i rozw\u00f3j zawodowy;<\/strong><\/span><\/h4>\n<h4><span style=\"color: #333399;\"><strong>\u00a0 \u00a0 \u00a0 \u2192\u00a0otwierasz sobie drog\u0119 do dalszej edukacji \u2013 studi\u00f3w wy\u017cszych lub nauki w szkole policealnej.<\/strong><\/span><\/h4>\n<p>\u00a0<\/p>\n<h3><a href=\"https:\/\/oferta.zsczarnkow.edu.pl\/wp-content\/uploads\/2026\/01\/Podanie-do-LO-dla-Doroslych.docx\" target=\"_blank\" rel=\"noopener\"><span style=\"color: #1a38b0;\"><span style=\"font-family: arial, helvetica, sans-serif;\">Podanie do LO dla Doros\u0142ych<\/span><\/span><\/a><\/h3>\n\n\n<p><\/p>\n","protected":false},"excerpt":{"rendered":"<p>\u00a0 \u2192 okres nauczania &#8211; 3 lata (od klasy II) \u2192 dla absolwent\u00f3w bran\u017cowej szko\u0142y I stopnia i zasadniczej szko\u0142y zawodowej \u2192 przedmioty rozszerzone: j\u0119zyk polski, historia \u00a0 Dlaczego warto wybra\u0107 Liceum Og\u00f3lnokszta\u0142c\u0105ce dla Doros\u0142ych? \u00a0 \u00a0 \u00a0 \u2192 zdobywasz wykszta\u0142cenie \u015brednie oraz przygotowanie do egzaminu maturalnego; \u00a0 \u00a0 \u00a0 \u2192 \u0142\u0105czysz nauk\u0119 z prac\u0105 [&hellip;]<\/p>\n","protected":false},"author":2,"featured_media":0,"parent":0,"menu_order":0,"comment_status":"closed","ping_status":"closed","template":"template-full-width.php","meta":{"footnotes":""},"class_list":["post-70","page","type-page","status-publish","hentry"],"_links":{"self":[{"href":"https:\/\/oferta.zsczarnkow.edu.pl\/index.php?rest_route=\/wp\/v2\/pages\/70","targetHints":{"allow":["GET"]}}],"collection":[{"href":"https:\/\/oferta.zsczarnkow.edu.pl\/index.php?rest_route=\/wp\/v2\/pages"}],"about":[{"href":"https:\/\/oferta.zsczarnkow.edu.pl\/index.php?rest_route=\/wp\/v2\/types\/page"}],"author":[{"embeddable":true,"href":"https:\/\/oferta.zsczarnkow.edu.pl\/index.php?rest_route=\/wp\/v2\/users\/2"}],"replies":[{"embeddable":true,"href":"https:\/\/oferta.zsczarnkow.edu.pl\/index.php?rest_route=%2Fwp%2Fv2%2Fcomments&post=70"}],"version-history":[{"count":32,"href":"https:\/\/oferta.zsczarnkow.edu.pl\/index.php?rest_route=\/wp\/v2\/pages\/70\/revisions"}],"predecessor-version":[{"id":1064,"href":"https:\/\/oferta.zsczarnkow.edu.pl\/index.php?rest_route=\/wp\/v2\/pages\/70\/revisions\/1064"}],"wp:attachment":[{"href":"https:\/\/oferta.zsczarnkow.edu.pl\/index.php?rest_route=%2Fwp%2Fv2%2Fmedia&parent=70"}],"curies":[{"name":"wp","href":"https:\/\/api.w.org\/{rel}","templated":true}]}}