{"id":82,"date":"2016-03-23T19:07:44","date_gmt":"2016-03-23T19:07:44","guid":{"rendered":"http:\/\/oferta.zspczarnkow.edu.pl\/?page_id=82"},"modified":"2025-11-25T17:34:38","modified_gmt":"2025-11-25T16:34:38","slug":"klasa-patronacka","status":"publish","type":"page","link":"https:\/\/oferta.zsczarnkow.edu.pl\/?page_id=82","title":{"rendered":"KLASY PATRONACKIE"},"content":{"rendered":"<h3 style=\"text-align: center;\"><span style=\"color: #1a38b0;\"><strong>W roku szkolnym 2026\/2027<\/strong><\/span><\/h3>\n<h4 style=\"text-align: justify;\"><span style=\"color: #1a38b0;\"><strong>Zesp\u00f3\u0142 Szk\u00f3\u0142 im. J\u00f3zefa Nojego w Czarnkowie wsp\u00f3lnie z firmami: STEICO sp. z o. o.\u00a0 i\u00a0 Seaking Poland Ltd. sp. z o. o. <\/strong><\/span><\/h4>\n<h4 style=\"text-align: justify;\"><span style=\"color: #1a38b0;\">oferuje<strong> kszta\u0142cenie m\u0142odzie\u017cy w zawodach:<\/strong><\/span><\/h4>\n<ul style=\"list-style-type: disc;\">\n<li style=\"text-align: justify;\"><span style=\"color: #1a38b0;\"><strong> stolarz, <\/strong><\/span><\/li>\n<li style=\"text-align: justify;\"><span style=\"color: #1a38b0;\"><strong>elektryk, <\/strong><\/span><\/li>\n<li style=\"text-align: justify;\"><span style=\"color: #1a38b0;\"><strong>\u015blusarz.<\/strong><\/span><\/li>\n<\/ul>\n<hr \/>\n<h3 style=\"text-align: justify;\"><span style=\"color: #1a38b0;\"><strong>Absolwentom szk\u00f3\u0142 podstawowych oferujemy mo\u017cliwo\u015b\u0107 zdobycia zawodu i kwalifikacji uznawanych na rynku polskim i niemieckim.<\/strong><\/span><\/h3>\n<hr \/>\n<h3 style=\"text-align: justify;\"><span style=\"color: #1a38b0;\"><strong>M\u0142odocianym pracownikom zostan\u0105 zaoferowane atrakcyjne, ponadstandardowe mo\u017cliwo\u015bci wynagrodzenia.<\/strong><\/span><\/h3>\n<hr \/>\n<h3 style=\"text-align: justify;\"><span style=\"color: #1a38b0;\"><strong>Uczni\u00f3w szk\u00f3\u0142 podstawowych, ich wychowawc\u00f3w oraz rodzic\u00f3w zach\u0119camy do odwiedzin w firmach oraz w Zespole Szk\u00f3\u0142 w Czarnkowie.<\/strong><\/span><\/h3>\n<hr \/>\n","protected":false},"excerpt":{"rendered":"<p>W roku szkolnym 2026\/2027 Zesp\u00f3\u0142 Szk\u00f3\u0142 im. J\u00f3zefa Nojego w Czarnkowie wsp\u00f3lnie z firmami: STEICO sp. z o. o.\u00a0 i\u00a0 Seaking Poland Ltd. sp. z o. o. oferuje kszta\u0142cenie m\u0142odzie\u017cy w zawodach: stolarz, elektryk, \u015blusarz. Absolwentom szk\u00f3\u0142 podstawowych oferujemy mo\u017cliwo\u015b\u0107 zdobycia zawodu i kwalifikacji uznawanych na rynku polskim i niemieckim. M\u0142odocianym pracownikom zostan\u0105 zaoferowane atrakcyjne, [&hellip;]<\/p>\n","protected":false},"author":2,"featured_media":0,"parent":0,"menu_order":0,"comment_status":"closed","ping_status":"closed","template":"template-full-width.php","meta":{"footnotes":""},"class_list":["post-82","page","type-page","status-publish","hentry"],"_links":{"self":[{"href":"https:\/\/oferta.zsczarnkow.edu.pl\/index.php?rest_route=\/wp\/v2\/pages\/82","targetHints":{"allow":["GET"]}}],"collection":[{"href":"https:\/\/oferta.zsczarnkow.edu.pl\/index.php?rest_route=\/wp\/v2\/pages"}],"about":[{"href":"https:\/\/oferta.zsczarnkow.edu.pl\/index.php?rest_route=\/wp\/v2\/types\/page"}],"author":[{"embeddable":true,"href":"https:\/\/oferta.zsczarnkow.edu.pl\/index.php?rest_route=\/wp\/v2\/users\/2"}],"replies":[{"embeddable":true,"href":"https:\/\/oferta.zsczarnkow.edu.pl\/index.php?rest_route=%2Fwp%2Fv2%2Fcomments&post=82"}],"version-history":[{"count":23,"href":"https:\/\/oferta.zsczarnkow.edu.pl\/index.php?rest_route=\/wp\/v2\/pages\/82\/revisions"}],"predecessor-version":[{"id":933,"href":"https:\/\/oferta.zsczarnkow.edu.pl\/index.php?rest_route=\/wp\/v2\/pages\/82\/revisions\/933"}],"wp:attachment":[{"href":"https:\/\/oferta.zsczarnkow.edu.pl\/index.php?rest_route=%2Fwp%2Fv2%2Fmedia&parent=82"}],"curies":[{"name":"wp","href":"https:\/\/api.w.org\/{rel}","templated":true}]}}